
39
Suppose 3*j = 3*q + 873, j + q - 281 = -0*j. What is the highest common divisor of j and 52?
26
Let i be (-8361)/(-99) + 24/44. Let s be (-1 + 3)/(2/7). Let l = s - -10. Calculate the greatest common divisor of l and i.
17
Suppose -11*n + 866 + 14 = 0. Calculate the greatest common divisor of n and 1080.
40
Let g be 31 + -34 + (6 - 1). Let m = 66 + g. What is the highest common divisor of 4 and m?
4
Suppose 2*z - 31 + 3 = -2*s, -z - 22 = -3*s. Calculate the highest common factor of 1 and s.
1
Let c be (-1)/2*(6 + -2) + 53. Let y be -2*(1 - (-57)/(-6)). What is the greatest common divisor of c and y?
17
Let q(u) = 13*u - 8. Let d be q(-5). Let n be (1 - -2) + (-4 - d). Let k be 770/98 + 2/14. Calculate the highest common divisor of n and k.
8
Let l = 544 + 98. What is the highest common divisor of l and 6?
6
Let w = -463 - -553. What is the highest common divisor of 126 and w?
18
Let o be (-4)/(2/8*336/(-210)). What is the highest common factor of o and 2230?
10
Let v(z) = z**3 - 14*z**2 + 12*z + 20. Suppose -9 - 17 = -2*i. Let u be v(i). What is the highest common factor of u and 14?
7
Suppose -7*u = -1519 - 868. Calculate the greatest common divisor of 31 and u.
31
Let p = 591 - 422. Calculate the greatest common divisor of 13 and p.
13
Let t = 2358 + -1178. Calculate the greatest common factor of 40 and t.
20
Let r be ((-4)/(-2))/(-2 - 8/(-5)). Let q be (-3)/3 - -4 - r. Calculate the highest common factor of 56 and q.
8
Let a(t) = -8*t + 185. Let u be a(22). What is the greatest common factor of 21 and u?
3
Let b(r) = -2 - 2*r**2 + 9*r**2 + 0*r**3 + 2*r + r**3. Let p be b(-6). Calculate the highest common divisor of 154 and p.
22
Suppose -63*y - 40 = -68*y. Let s(q) = 17*q - 5. Let i be s(1). What is the greatest common factor of y and i?
4
Let f(q) = q**3 - 12*q**2 - 12*q - 14. Let n be f(13). Let w be 110/2*(1 + 3 + n). Calculate the greatest common factor of 15 and w.
15
Suppose 4*p - 15 = 81. Suppose -4*j + 15 = -49. Calculate the highest common factor of j and p.
8
Let n = 38 - 20. Let k(g) = g - 2. Let c be k(-8). Let h be (4/10)/(c/(-150)). Calculate the highest common divisor of h and n.
6
Suppose 10 = -2*k - 2*f, 2*k - f = 2*f - 25. Let s be 4 - 4 - k/(-2). Let n = s + 18. Calculate the highest common factor of n and 35.
7
Let u(l) = -l**2 + 11*l + 416. Let w be u(0). Calculate the highest common divisor of w and 13.
13
Let u(r) = r**2 - 2*r + 6. Let a be u(6). Let p be 3*(-16)/(-12) - -34. Let y = p + -8. Calculate the greatest common factor of y and a.
30
Suppose 8 = 5*p - 2. Let u(f) = 18*f + 4. Let m be u(p). Let y(g) = 11*g - 2. Let r be y(2). Calculate the greatest common divisor of m and r.
20
Let d = 25 + -14. Suppose -3*i - 2 = -d. Suppose -4*c - 59 = -3*f - 0*f, -2*c + 65 = i*f. Calculate the greatest common factor of f and 63.
21
Let k = -47 + 47. Suppose k = -2*y - 3*v + 58, -3*y + 3*v + 40 + 77 = 0. What is the greatest common divisor of y and 7?
7
Let m(i) = -i**3 - i**2 + i - 57. Let f be m(0). Suppose -u - 5*l + 70 = -4*u, -3*u - 102 = 3*l. Let v = u - f. What is the highest common factor of v and 3?
3
Let h be (-3)/3 + -1 + 2. Let k be -1 + 3 + h - -3. Suppose g = -2*q + 51, -2*q - 67 = -3*g + 62. What is the greatest common divisor of k and g?
5
Suppose 11 + 5 = 4*f, -5*f + 5 = -k. Calculate the highest common divisor of k and 21.
3
Let o(x) = 21*x + 197. Let q be o(-9). What is the greatest common divisor of 128 and q?
8
Suppose -4*h + 6*h - 8 = 0. Suppose -129 - h = -x. Suppose -5*l - 7*v + 3*v = -91, 2*l - 37 = -v. Calculate the greatest common factor of x and l.
19
Let t(m) = 3*m**2 - 14*m - 14. Let d be t(6). Suppose 5*o = q - d - 0, -3*o = -5*q + 28. What is the greatest common factor of q and 45?
5
Suppose 3*b - 4*j = 120, 68 = 2*b + 4*j - 12. What is the highest common factor of b and 5080?
40
Let w = 18 - 14. Suppose 0 = -q + 3, 2*u = -w*q + 4 + 56. What is the highest common divisor of 36 and u?
12
Suppose -13 = -4*v + 23. Suppose v = -i + 32. What is the greatest common divisor of i and 115?
23
Let j(m) = -4*m**2 - 107*m - 100. Let y be j(-20). Calculate the highest common factor of y and 50.
10
Let v(l) = l**3 - 5*l**2 + 3*l + 3. Let f be v(3). Let z(q) = -8*q + 20. Let n be z(f). Calculate the highest common factor of n and 170.
34
Let j(o) = -2*o**3 - 2*o**2 - 13*o - 8. Let p be j(-7). What is the greatest common factor of 11 and p?
11
Let z(o) = 3*o**2 - 4*o - 8. Let f be z(6). Let y(w) = 20*w + 137. Let c be y(-4). Calculate the greatest common divisor of c and f.
19
Let n(i) = -7*i - 36. Let v be n(-12). Calculate the highest common divisor of v and 80.
16
Suppose 83 = -2*m - 29. Let j = -42 - m. Calculate the greatest common divisor of j and 2.
2
Let g = 6569 + -6557. Let a(m) = 6*m. Let w be a(5). What is the highest common divisor of w and g?
6
Suppose -2*a + g = -91, -g = a - 2*a + 45. Let x = -32 + a. Suppose 2*d - 2 = 26. What is the greatest common factor of x and d?
14
Suppose -5*n - 17 + 101 = -2*q, n + q = 21. Let r = -140 + 212. What is the greatest common factor of r and n?
18
Let p be 35/(-14) + 3/(-2). Let g(j) = -3*j - 8. Let y be g(p). Suppose -y*c + 209 = -367. What is the highest common factor of c and 18?
18
Let p(h) = h + 4. Let k be p(6). Let y be 1 - (-5)/k*26. Suppose 3*r - 239 = -2*n - 63, 4*r = 4*n + 208. Calculate the highest common divisor of y and r.
14
Suppose -700 = -2*l - m, -l + 3*l - 5*m - 712 = 0. What is the highest common divisor of 81 and l?
27
Let q be (1 + 2 + -2)*47. Suppose q*g - 51*g = -252. What is the greatest common divisor of 18 and g?
9
Let c be (-4)/8*(-16)/2. Let q be 2/7 - 1672/(-28). Suppose -q + 16 = -c*a. What is the greatest common factor of 33 and a?
11
Suppose 5*y - 3*v = 6*y - 512, 2*v = 4*y - 2118. Calculate the greatest common factor of 17 and y.
17
Let q(y) = -5*y - 4. Suppose 5*l + 18 = 3. Let i be q(l). Suppose 4*c + 5*f = 337, -2*c = f - 4*f - 185. What is the greatest common factor of c and i?
11
Let x(o) = 31*o + 584. Let y be x(-18). What is the greatest common divisor of y and 234?
26
Let y = -1361 + 1385. Calculate the greatest common divisor of 108 and y.
12
Suppose -548 = -38*a + 1884. Calculate the highest common factor of 32 and a.
32
Suppose 0 = 196*o - 191*o - 2360. What is the highest common divisor of o and 59?
59
Let c = 67 - 62. Suppose -b - c*i - 9 = 0, 7*b + 4*i - 39 = 2*b. What is the highest common factor of b and 121?
11
Suppose 58 - 178 = -8*v. Let k(b) = -b - 6. Let c(q) = -1. Let j(f) = 3*c(f) - k(f). Let n be j(3). What is the greatest common factor of n and v?
3
Let v be 535/10 + 2 - (-2)/(-4). Let h = -29 + v. Calculate the greatest common factor of 52 and h.
26
Suppose -4 = -2*z + 8. Suppose 4*r = z + 90. Let c be ((-8)/(-20))/((-1)/(-120))*4. What is the highest common divisor of r and c?
24
Let o(h) = h**2 + 11*h + 28. Let p be o(-11). Suppose 0 = -3*y + 55 - p. What is the greatest common divisor of y and 18?
9
Let i be 1448/(-6) + 7/21. Let s = -151 - i. Suppose b = -5 - 0, 87 = 4*l - 3*b. Calculate the greatest common factor of s and l.
18
Let n(l) = -9*l - 9. Let j be n(-7). Suppose 4*o + 2*q = q + 147, -102 = -3*o + 2*q. Calculate the highest common divisor of o and j.
18
Let a be (7/2)/(27/972). Calculate the highest common factor of a and 18.
18
Let q = 90 + -86. Suppose 7*r - 486 = -q*f + 2*r, f = r + 117. Calculate the highest common factor of 17 and f.
17
Let w(f) = -f**2 - 2*f + 3. Let g be w(1). Let s be -1 - ((g - -2) + -17). Let q = s - -1. What is the highest common divisor of 120 and q?
15
Let p(n) = n**2 - n - 6. Let d be p(-5). Suppose -11 - 28 = -13*z. What is the greatest common divisor of d and z?
3
Let k = 531 + -513. Suppose -u = -3*h - 21, 2*u + 8 = -h - 3*h. Calculate the highest common divisor of u and k.
6
Let u = -150 - -198. Calculate the highest common factor of u and 32.
16
Let f = 23 - 26. Let p(a) = -4*a**2 - 3*a + 4. Let k be p(3). Let n be f/((-6)/(-4)) - k. Calculate the greatest common factor of n and 13.
13
Let t(k) = -4*k**2 - k - 4. Let r be t(-2). Let x = 20 + r. Suppose -z - x*d = -0*d - 16, 0 = 2*d + 6. Calculate the highest common factor of 22 and z.
22
Suppose -124 = -2*v + 2*g + 138, -3*v = 3*g - 387. Calculate the greatest common factor of 90 and v.
10
